pose -303*l = -306*l + 36. What is the remainder when l is divided by z?
2
Let n be (-4114)/(-255) - 2/15. What is the remainder when (2 + n)*3 + 13/13 is divided by 29?
26
Suppose 0*g = 3*g - 75. Suppose -5*u = -u - 4, 0 = q - 5*u + 5. Suppose q = -x - 3*x + 388. Calculate the remainder when x is divided by g.
22
Suppose 0 = g - 9 + 7. Suppose g*a + 3*a + 4*w = 416, a - 96 = -4*w. Let o = a - 57. Calculate the remainder when o is divided by 6.
5
Calculate the remainder when (396/1)/((-18)/(-12)) - 1 is divided by 67.
62
Let g(t) = -5*t - 4. Suppose 2*d = -2*u + 36, -2*d + 76 - 26 = 3*u. Calculate the remainder when g(-4) is divided by u.
2
Let j = -1134 + 1158. Calculate the remainder when 521 is divided by j.
17
Suppose 32*s + 231 = 65*s. Suppose -n = 2*p - 2 - 2, n + 8 = 2*p. Calculate the remainder when s is divided by p.
1
Suppose 5*z - 3*l - 2*l = 125, 82 = 4*z + 2*l. Let i = -11 - z. Calculate the remainder when 8/(-44) + (-1491)/i is divided by 12.
9
Let c(m) = m**3 - 7*m**2 + 5*m - 15. Suppose -16 = -x - 5. Calculate the remainder when c(7) is divided by x.
9
Let x(z) = z**3 + 19*z**2 - 7*z + 7. What is the remainder when x(-18) is divided by 20?
17
Let w be (-2)/(-6) + (-520)/(-6). Let t = w + -58. What is the remainder when 19 is divided by (-2)/(-6) + t/3?
9
Suppose -59 = -x - 7*p + 3*p, -10 = 5*p. Suppose 3*o = -4*y - 0*o + x, 23 = 2*y + 5*o. What is the remainder when 56 is divided by y?
18
Let p(i) = -2*i**2 - 31*i + 204. Calculate the remainder when 92 is divided by p(-20).
20
Suppose -2*r + 4 = -3*r - 2*b, 0 = -2*r + 2*b - 14. Let d = r - 3. Let k = d - -27. Calculate the remainder when 51 is divided by k.
15
Let h(k) = 2*k + 3. What is the remainder when 382 is divided by h(26)?
52
Calculate the remainder when (9 - (-1932)/(-36))/(2/(-3)) is divided by 28.
11
Suppose 0 = -3*c - 5*b - 8, b + 3*b = -c - 12. What is the remainder when 13 is divided by (-279)/(-39) + c/(-26)?
6
Let r = 28 + -37. Calculate the remainder when 32 is divided by (r/2 - -3)*-6.
5
Suppose -32*b + 792 = -10*b. What is the remainder when b is divided by 8?
4
Let o(g) = 12*g + 0*g**3 + 11 - 8*g + g**3 + 10*g**2. What is the remainder when o(-9) is divided by 22?
12
Suppose 113 = 3*k + 4*r, -3*k = 2*r - 96 - 25. What is the remainder when k is divided by (-30)/25*9/(27/(-30))?
7
Suppose 4*p - 692 = 312. Suppose -5*r + p = 31. What is the remainder when r is divided by 8?
4
Let o = -8 + 11. Suppose -o*k = 5*z + 2*k - 60, 2*k - 3 = z. Suppose 80 = 7*h - 95. What is the remainder when h is divided by z?
4
Let m = 186 + -42. Suppose -11*r = r - m. Calculate the remainder when 41 is divided by r.
5
Let w = 151 - 147. Suppose 75*l = 74*l + w. What is the remainder when 4 is divided by l?
0
Suppose 92*g - 96*g = -156. Calculate the remainder when 190 is divided by g.
34
Let t(k) = -7*k**3 - k**2 - k - 1. Let a be t(-1). Let l(s) = 4*s - 16. What is the remainder when 29 is divided by l(a)?
5
Let k = -262 - -149. Let o = 257 + k. Suppose 5*h = o + 106. What is the remainder when h is divided by 17?
16
Let w = -12589 - -12606. Let x(y) = 3*y**2 + 7*y - 2. What is the remainder when x(-6) is divided by w?
13
Suppose -c + 38 = -28. Let m(j) = -j**2 + 15*j - 10. What is the remainder when c is divided by m(4)?
32
Suppose -1 = 4*t - 9. What is the remainder when -4 + 12 + 0 + -3 is divided by t?
1
Let a(j) = -65*j + 378. What is the remainder when 209 is divided by a(5)?
50
Let u be 1/(-2)*1/(5/(-320)). Suppose 0 = -4*l + j + u, -j = l + 3*l - 24. Calculate the remainder when 26 is divided by l.
5
Let v = 16 - 13. Suppose 2*g = v*w + 36, -3*g + 4*w + 13 = -40. Suppose 5*z - z - 172 = 0. Calculate the remainder when z is divided by g.
13
Suppose -4*u + 240 = 2*u. Suppose -2*b + u = 2*g, -g - 64 = -3*b - 5*g. Calculate the remainder when 60 is divided by b.
12
Let c = 352 + -227. What is the remainder when c is divided by 10?
5
Let q = -33 + -14. Let f = 2 - q. Let d(k) = -63*k + 395. What is the remainder when f is divided by d(6)?
15
Suppose -6*z = 1874 - 2018. What is the remainder when z is divided by 21?
3
Let o(d) = 224*d + 90. Calculate the remainder when o(2) is divided by 17.
11
Suppose 3*v + 8*x - 60 = 5*x, -85 = -4*v - 3*x. What is the remainder when 198 is divided by v?
23
Let w(o) = o**3 - o**2 - 2*o - 8. Let h be w(6). Let r = h - 91. Let v(i) = -5*i**3 + 52*i**2 + 37*i - 26. Calculate the remainder when r is divided by v(11).
15
Let h(r) = r**3 + 61*r**2 + 2*r + 181. Calculate the remainder when 228 is divided by h(-61).
51
Let z = -1509 - -1519. Calculate the remainder when 148 is divided by z.
8
Let j(a) = -a**3 - 5*a**2 + 9*a - 3. Let m(u) = u**3 - 8*u**2 - u + 11. Let c be m(8). Let l = -10 + c. Calculate the remainder when 94 is divided by j(l).
30
Suppose 5*i - 4*p = -0*i + 65, 4*i - 3*p = 53. Calculate the remainder when 21 is divided by i.
4
Let a(z) = 8*z**2 + 22*z + 25. Suppose 2*l - 5 = 61. Calculate the remainder when a(3) is divided by l.
31
Let k = -266 + 327. What is the remainder when k is divided by 22?
17
Suppose 0*w = 4*w - 40. Let c(x) = -7*x**2 + 27*x - 45. Let l(b) = b**2. Let v(h) = c(h) + 6*l(h). What is the remainder when v(24) is divided by w?
7
Let o be (-36)/(-12) + 2 + 5/(-1). Suppose o = -8*w + 24*w - 80. What is the remainder when w is divided by 3?
2
Let s(k) = 4*k + 454. What is the remainder when s(-48) is divided by 53?
50
Let d = -36 + 59. Let b(k) = -k + 50. Calculate the remainder when 103 is divided by b(d).
22
Let w = 13 + -8. Suppose -146 = w*b + 149. Let s = -35 - b. What is the remainder when 45 is divided by s?
21
Let s = -74 - -77. Suppose 2*c - 225 = s*z - 83, -c + 3*z = -68. What is the remainder when c is divided by 25?
24
Let r be 32*3/6 - 4. Let w(j) = -j**2 + 13*j - 4. Calculate the remainder when 27 is divided by w(r).
3
Let l(g) = -g**3 - 7*g**2 - 2*g - 4. Let x be l(-7). Suppose -15*f + 215 = -x*f. What is the remainder when f is divided by (3 - 2)*30/2?
13
Let a be 188/4*10/1. Suppose -4*i = -2*x - a, 0*i = 2*i - 2*x - 240. What is the remainder when i is divided by 13?
11
Suppose 4*h - 5*l = 85, -3*l - 19 = -h - 3. What is the remainder when 237 is divided by h?
12
Let i = 27 + 43. Suppose -4*h + 5*y = -i, -y = -3*h + 64 - 6. Let k(r) = r**3 + 2*r**2 - 3*r - 5. What is the remainder when k(4) is divided by h?
19
Let n = 287 + -201. What is the remainder when 18 is divided by n/12 - 1/6?
4
Let o = 17 + 42. Calculate the remainder when 116 is divided by o.
57
Let p = 357 + -289. What is the remainder when 132 is divided by p?
64
Let h = 40 + -41. What is the remainder when 25 is divided by -3 - (h - 0 - 11)?
7
Let m = 375 + -336. What is the remainder when m is divided by 8?
7
Suppose -5*g = 3*q - 62, 4*q + 32 = 5*g - 2. Suppose j = 32 + 25. Calculate the remainder when j is divided by g.
7
Suppose 214 = 17*i - 262. Suppose -3*g + 18 + 60 = 0. Calculate the remainder when ((-96)/i)/1*-14 is divided by g.
22
Let j be 9/(-4) + 4/16. Let b(p) = 2*p**2 + 3. Calculate the remainder when 31 is divided by b(j).
9
Suppose 3*l + 4*a = -l + 24, -3*l - a + 10 = 0. Calculate the remainder when (-6)/10 + (1 - (-140)/25) is divided by l.
0
Let b(m) = -2*m**3 + 12*m**2 - m - 6. Let g be b(6). Let a be (-2)/(-3) - 16/g. Suppose a*k - 25 - 17 = 0. What is the remainder when 62 is divided by k?
20
Let l = 31 + -10. Calculate the remainder when 2/7 - (-3060)/21 is divided by l.
20
Let o = 38 - 36. Suppose o*t = 54 + 56. Calculate the remainder when t is divided by 8.
7
Calculate the remainder when 194 is divided by 5/(5/(-7)) - -49 - 8.
24
What is the remainder when (-198 + 12)*(-1)/3 is divided by 19?
5
Calculate the remainder when (-5 - (-78)/24)*-28 is divided by 5.
4
Let m(d) = -17*d**3 - 2*d**2 + 8*d + 9. Calculate the remainder when 2*1 - (-72 - 4) is divided by m(-1).
14
Let t = 24 - 30. Let p(j) = -j**3 - 6*j**2 - 7*j - 4. Let i be p(t). Let f = i + -19. Calculate the remainder when f is divided by 11.
8
Let k(q) = -6*q - 6. Let s(f) = -2*f**2 + f + 33. Suppose 0 = -2*u + z - 3 + 6, 0 = 2*u - 2*z - 6. Calculate the remainder when s(u) is divided by k(-4).
15
Calculate the remainder when 168 is divided by (-56)/(-49)*42/30*5.
0
Let z(r) = r**2 + 9*r + 10. Let k(v) = v**2 - v - 2. Let a = -14 - -12. What is the 